{"id":616,"date":"2025-12-08T14:14:30","date_gmt":"2025-12-08T13:14:30","guid":{"rendered":"https:\/\/regio.com.pl\/?page_id=616"},"modified":"2025-12-29T16:15:22","modified_gmt":"2025-12-29T15:15:22","slug":"konkurs-nowa-karowa","status":"publish","type":"page","link":"https:\/\/regio.com.pl\/?page_id=616","title":{"rendered":"Nowa Karowa &#8211; konkurs na koncepcj\u0119 przebudowy ulicy Karowej"},"content":{"rendered":"\n<div class=\"wp-block-media-text is-stacked-on-mobile\" style=\"grid-template-columns:51% auto\"><figure class=\"wp-block-media-text__media\"><img fetchpriority=\"high\" decoding=\"async\" width=\"2560\" height=\"1810\" src=\"http:\/\/regio.com.pl\/wp-content\/uploads\/2025\/12\/AKSO-Z-GORY-1-scaled.png\" alt=\"\" class=\"wp-image-371 size-full\"\/><\/figure><div class=\"wp-block-media-text__content\">\n<p style=\"font-size:18px;letter-spacing:3px\"><strong>NOWA KAROWA \u2013 KONKURS NA KONCEPCJ\u0118 PRZEBUDOWY ULICY KAROWEJ<\/strong><\/p>\n\n\n\n<p style=\"font-size:14px\"><strong>lokalizacja: ul. Karowa, Warszawa<\/strong><\/p>\n\n\n\n<p style=\"font-size:14px\"><strong>opracowanie koncepcji: 2025<\/strong><\/p>\n\n\n\n<p style=\"font-size:14px\"><strong>zesp\u00f3\u0142 projektowy:<\/strong> Piotr Czy\u017cewski, Alicja Jarochowska, Katarzyna Kwiatkowska, Julita Zembrowska, Zofia Zwijacz<\/p>\n\n\n\n<p style=\"font-size:14px\"><strong>organizator konkursu: <\/strong>UM Warszawa<\/p>\n\n\n\n<p style=\"font-size:14px\"><strong>opis koncepcji:<\/strong><\/p>\n\n\n\n<p style=\"font-size:14px\">Projekt przebudowy ul. Karowej zak\u0142ada stworzenie reprezentacyjnej, przyjaznej przestrzeni publicznej, kt\u00f3ra \u0142\u0105czy Trakt Kr\u00f3lewski z Powi\u015blem, Wis\u0142\u0105 i Prag\u0105. Ulica zyskuje charakter salonu miejskiego, w kt\u00f3rym priorytet otrzymuj\u0105 piesi i rowerzy\u015bci, a ruch samochodowy zostaje ograniczony i uspokojony.<\/p>\n<\/div><\/div>\n\n\n\n<div class=\"wp-block-media-text has-media-on-the-right is-stacked-on-mobile\" style=\"margin-top:var(--wp--preset--spacing--30);grid-template-columns:auto 48%\"><div class=\"wp-block-media-text__content\">\n<p style=\"font-size:14px\">Centralnym elementem za\u0142o\u017cenia jest Skarpa Warszawska \u2013 zaprojektowana jako wielofunkcyjna przestrze\u0144 rekreacyjna z zieleni\u0105, schodami terenowymi, elementami wodnymi oraz funikularem, kt\u00f3ry u\u0142atwia komunikacj\u0119 pionow\u0105 i stanowi now\u0105 atrakcj\u0119 miasta. U jej podn\u00f3\u017ca powstaje plac miejski z miejscem na sezonowe ogr\u00f3dki gastronomiczne oraz ekspozycj\u0119 rze\u017ab plenerowych autorstwa prof. Magdaleny Abakanowicz.<\/p>\n\n\n\n<p style=\"font-size:14px\">Projekt wzmacnia powi\u0105zania widokowe z Wis\u0142\u0105 i mostem pieszo-rowerowym, a tak\u017ce respektuje historyczny charakter Wiaduktu im. Stanis\u0142awa Markiewicza. Zastosowanie naturalnych materia\u0142\u00f3w, szlachetnych nawierzchni granitowych oraz wysokiej jako\u015bci ma\u0142ej architektury podkre\u015bla reprezentacyjny charakter przestrzeni.<\/p>\n<\/div><figure class=\"wp-block-media-text__media\"><img decoding=\"async\" width=\"1024\" height=\"475\" src=\"http:\/\/regio.com.pl\/wp-content\/uploads\/2025\/12\/Frame-13-1-1024x475.png\" alt=\"\" class=\"wp-image-924 size-full\" srcset=\"https:\/\/regio.com.pl\/wp-content\/uploads\/2025\/12\/Frame-13-1-1024x475.png 1024w, https:\/\/regio.com.pl\/wp-content\/uploads\/2025\/12\/Frame-13-1-300x139.png 300w, https:\/\/regio.com.pl\/wp-content\/uploads\/2025\/12\/Frame-13-1-768x356.png 768w, https:\/\/regio.com.pl\/wp-content\/uploads\/2025\/12\/Frame-13-1-1536x713.png 1536w, https:\/\/regio.com.pl\/wp-content\/uploads\/2025\/12\/Frame-13-1.png 1640w\" sizes=\"(max-width: 1024px) 100vw, 1024px\" \/><\/figure><\/div>\n\n\n\n<div class=\"wp-block-media-text is-stacked-on-mobile\" style=\"margin-top:var(--wp--preset--spacing--30);grid-template-columns:51% auto\"><figure class=\"wp-block-media-text__media\"><img decoding=\"async\" width=\"2560\" height=\"1920\" src=\"http:\/\/regio.com.pl\/wp-content\/uploads\/2025\/12\/KAROWA-scaled.png\" alt=\"\" class=\"wp-image-1412 size-full\"\/><\/figure><div class=\"wp-block-media-text__content\">\n<p style=\"font-size:14px\">Istotnym elementem koncepcji s\u0105 rozwi\u0105zania proekologiczne \u2013 ogrody deszczowe, retencja w\u00f3d opadowych oraz zr\u00f3\u017cnicowana ziele\u0144 odporna na warunki miejskie, poprawiaj\u0105ca mikroklimat i wspieraj\u0105ca bior\u00f3\u017cnorodno\u015b\u0107. Projekt zak\u0142ada zachowanie znacznej cz\u0119\u015bci istniej\u0105cego drzewostanu. Projekt \u0142\u0105czy wsp\u00f3\u0142czesne potrzeby miasta z poszanowaniem jego historii, tworz\u0105c now\u0105, atrakcyjn\u0105 przestrze\u0144 spotka\u0144 i wypoczynku.<\/p>\n\n\n\n<figure class=\"wp-block-image size-large\"><img loading=\"lazy\" decoding=\"async\" width=\"1024\" height=\"385\" src=\"http:\/\/regio.com.pl\/wp-content\/uploads\/2025\/12\/GOTOWE-POPRZECZNE-2-1024x385.png\" alt=\"\" class=\"wp-image-1241\" srcset=\"https:\/\/regio.com.pl\/wp-content\/uploads\/2025\/12\/GOTOWE-POPRZECZNE-2-1024x385.png 1024w, https:\/\/regio.com.pl\/wp-content\/uploads\/2025\/12\/GOTOWE-POPRZECZNE-2-300x113.png 300w, https:\/\/regio.com.pl\/wp-content\/uploads\/2025\/12\/GOTOWE-POPRZECZNE-2-768x288.png 768w, https:\/\/regio.com.pl\/wp-content\/uploads\/2025\/12\/GOTOWE-POPRZECZNE-2-1536x577.png 1536w, https:\/\/regio.com.pl\/wp-content\/uploads\/2025\/12\/GOTOWE-POPRZECZNE-2.png 2000w\" sizes=\"(max-width: 1024px) 100vw, 1024px\" \/><\/figure>\n<\/div><\/div>\n\n\n\n<figure class=\"wp-block-image size-full is-resized\"><img loading=\"lazy\" decoding=\"async\" width=\"2560\" height=\"310\" src=\"https:\/\/regio.com.pl\/wp-content\/uploads\/2025\/12\/PRZEKROJ-PODLUZNY-kopia-scaled.png\" alt=\"\" class=\"wp-image-927\" style=\"width:1200px;height:auto\" srcset=\"https:\/\/regio.com.pl\/wp-content\/uploads\/2025\/12\/PRZEKROJ-PODLUZNY-kopia-scaled.png 2560w, https:\/\/regio.com.pl\/wp-content\/uploads\/2025\/12\/PRZEKROJ-PODLUZNY-kopia-300x36.png 300w, https:\/\/regio.com.pl\/wp-content\/uploads\/2025\/12\/PRZEKROJ-PODLUZNY-kopia-1024x124.png 1024w, https:\/\/regio.com.pl\/wp-content\/uploads\/2025\/12\/PRZEKROJ-PODLUZNY-kopia-768x93.png 768w, https:\/\/regio.com.pl\/wp-content\/uploads\/2025\/12\/PRZEKROJ-PODLUZNY-kopia-1536x186.png 1536w, https:\/\/regio.com.pl\/wp-content\/uploads\/2025\/12\/PRZEKROJ-PODLUZNY-kopia-2048x248.png 2048w\" sizes=\"(max-width: 2560px) 100vw, 2560px\" \/><\/figure>\n","protected":false},"excerpt":{"rendered":"<p>NOWA KAROWA \u2013 KONKURS NA KONCEPCJ\u0118 PRZEBUDOWY ULICY KAROWEJ lokalizacja: ul. Karowa, Warszawa opracowanie koncepcji: 2025 zesp\u00f3\u0142 projektowy: Piotr Czy\u017cewski, [&hellip;]<\/p>\n","protected":false},"author":1,"featured_media":0,"parent":0,"menu_order":0,"comment_status":"closed","ping_status":"closed","template":"","meta":{"_uag_custom_page_level_css":"","site-sidebar-layout":"default","site-content-layout":"","ast-site-content-layout":"default","site-content-style":"default","site-sidebar-style":"default","ast-global-header-display":"","ast-banner-title-visibility":"","ast-main-header-display":"","ast-hfb-above-header-display":"","ast-hfb-below-header-display":"","ast-hfb-mobile-header-display":"","site-post-title":"disabled","ast-breadcrumbs-content":"","ast-featured-img":"","footer-sml-layout":"","ast-disable-related-posts":"","theme-transparent-header-meta":"","adv-header-id-meta":"","stick-header-meta":"","header-above-stick-meta":"","header-main-stick-meta":"","header-below-stick-meta":"","astra-migrate-meta-layouts":"default","ast-page-background-enabled":"default","ast-page-background-meta":{"desktop":{"background-color":"var(--ast-global-color-5)","background-image":"","background-repeat":"repeat","background-position":"center center","background-size":"auto","background-attachment":"scroll","background-type":"","background-media":"","overlay-type":"","overlay-color":"","overlay-opacity":"","overlay-gradient":""},"tablet":{"background-color":"","background-image":"","background-repeat":"repeat","background-position":"center center","background-size":"auto","background-attachment":"scroll","background-type":"","background-media":"","overlay-type":"","overlay-color":"","overlay-opacity":"","overlay-gradient":""},"mobile":{"background-color":"","background-image":"","background-repeat":"repeat","background-position":"center center","background-size":"auto","background-attachment":"scroll","background-type":"","background-media":"","overlay-type":"","overlay-color":"","overlay-opacity":"","overlay-gradient":""}},"ast-content-background-meta":{"desktop":{"background-color":"var(--ast-global-color-4)","background-image":"","background-repeat":"repeat","background-position":"center center","background-size":"auto","background-attachment":"scroll","background-type":"","background-media":"","overlay-type":"","overlay-color":"","overlay-opacity":"","overlay-gradient":""},"tablet":{"background-color":"var(--ast-global-color-4)","background-image":"","background-repeat":"repeat","background-position":"center center","background-size":"auto","background-attachment":"scroll","background-type":"","background-media":"","overlay-type":"","overlay-color":"","overlay-opacity":"","overlay-gradient":""},"mobile":{"background-color":"var(--ast-global-color-4)","background-image":"","background-repeat":"repeat","background-position":"center center","background-size":"auto","background-attachment":"scroll","background-type":"","background-media":"","overlay-type":"","overlay-color":"","overlay-opacity":"","overlay-gradient":""}},"footnotes":""},"class_list":["post-616","page","type-page","status-publish","hentry"],"uagb_featured_image_src":{"full":false,"thumbnail":false,"medium":false,"medium_large":false,"large":false,"1536x1536":false,"2048x2048":false},"uagb_author_info":{"display_name":"regioadmin","author_link":"https:\/\/regio.com.pl\/?author=1"},"uagb_comment_info":0,"uagb_excerpt":"NOWA KAROWA \u2013 KONKURS NA KONCEPCJ\u0118 PRZEBUDOWY ULICY KAROWEJ lokalizacja: ul. Karowa, Warszawa opracowanie koncepcji: 2025 zesp\u00f3\u0142 projektowy: Piotr Czy\u017cewski, [&hellip;]","_links":{"self":[{"href":"https:\/\/regio.com.pl\/index.php?rest_route=\/wp\/v2\/pages\/616","targetHints":{"allow":["GET"]}}],"collection":[{"href":"https:\/\/regio.com.pl\/index.php?rest_route=\/wp\/v2\/pages"}],"about":[{"href":"https:\/\/regio.com.pl\/index.php?rest_route=\/wp\/v2\/types\/page"}],"author":[{"embeddable":true,"href":"https:\/\/regio.com.pl\/index.php?rest_route=\/wp\/v2\/users\/1"}],"replies":[{"embeddable":true,"href":"https:\/\/regio.com.pl\/index.php?rest_route=%2Fwp%2Fv2%2Fcomments&post=616"}],"version-history":[{"count":13,"href":"https:\/\/regio.com.pl\/index.php?rest_route=\/wp\/v2\/pages\/616\/revisions"}],"predecessor-version":[{"id":1884,"href":"https:\/\/regio.com.pl\/index.php?rest_route=\/wp\/v2\/pages\/616\/revisions\/1884"}],"wp:attachment":[{"href":"https:\/\/regio.com.pl\/index.php?rest_route=%2Fwp%2Fv2%2Fmedia&parent=616"}],"curies":[{"name":"wp","href":"https:\/\/api.w.org\/{rel}","templated":true}]}}