{"id":609,"date":"2025-12-08T13:53:20","date_gmt":"2025-12-08T12:53:20","guid":{"rendered":"https:\/\/regio.com.pl\/?page_id=609"},"modified":"2025-12-29T16:16:29","modified_gmt":"2025-12-29T15:16:29","slug":"przedszkole-w-jozefowie","status":"publish","type":"page","link":"https:\/\/regio.com.pl\/?page_id=609","title":{"rendered":"Miejskie przedszkole nr 1 przy ul. Asnyka w J\u00f3zefowie"},"content":{"rendered":"\n<div class=\"wp-block-media-text is-stacked-on-mobile\" style=\"grid-template-columns:51% auto\"><figure class=\"wp-block-media-text__media\"><img fetchpriority=\"high\" decoding=\"async\" width=\"1024\" height=\"683\" src=\"http:\/\/regio.com.pl\/wp-content\/uploads\/2025\/12\/przedszkole-zdjecie-1024x683.png\" alt=\"\" class=\"wp-image-1432 size-full\" srcset=\"https:\/\/regio.com.pl\/wp-content\/uploads\/2025\/12\/przedszkole-zdjecie-1024x683.png 1024w, https:\/\/regio.com.pl\/wp-content\/uploads\/2025\/12\/przedszkole-zdjecie-300x200.png 300w, https:\/\/regio.com.pl\/wp-content\/uploads\/2025\/12\/przedszkole-zdjecie-768x512.png 768w, https:\/\/regio.com.pl\/wp-content\/uploads\/2025\/12\/przedszkole-zdjecie-1536x1024.png 1536w, https:\/\/regio.com.pl\/wp-content\/uploads\/2025\/12\/przedszkole-zdjecie-2048x1365.png 2048w\" sizes=\"(max-width: 1024px) 100vw, 1024px\" \/><\/figure><div class=\"wp-block-media-text__content\">\n<p style=\"font-size:18px;letter-spacing:3px;line-height:0\"><strong>PRZEDSZKOLE<\/strong><\/p>\n\n\n\n<p style=\"font-size:18px;font-style:normal;font-weight:500;letter-spacing:3px;line-height:0\"><strong>MIEJSKIE NR 1<\/strong><\/p>\n\n\n\n<p style=\"font-size:18px;letter-spacing:3px;line-height:0\"><strong>W J\u00d3ZEFOWIE<\/strong><\/p>\n\n\n\n<p style=\"font-size:14px\">I miejsce w konkursie na koncepcj\u0119 architektoniczn\u0105 biblioteki i przedszkola przy ul. Asnyka w J\u00f3zefowie<\/p>\n\n\n\n<p style=\"font-size:14px\"><strong>lokalizacja: ul. Asnyka, J\u00f3zef\u00f3w<\/strong><\/p>\n\n\n\n<p style=\"font-size:14px\"><strong>realizacja: 2021-2025<\/strong><\/p>\n\n\n\n<figure class=\"wp-block-image alignleft size-large is-resized\"><img decoding=\"async\" width=\"1024\" height=\"683\" src=\"http:\/\/regio.com.pl\/wp-content\/uploads\/2025\/12\/image-1024x683.png\" alt=\"\" class=\"wp-image-1216\" style=\"aspect-ratio:1.4993091196210027;width:177px;height:auto\" srcset=\"https:\/\/regio.com.pl\/wp-content\/uploads\/2025\/12\/image-1024x683.png 1024w, https:\/\/regio.com.pl\/wp-content\/uploads\/2025\/12\/image-300x200.png 300w, https:\/\/regio.com.pl\/wp-content\/uploads\/2025\/12\/image-768x512.png 768w, https:\/\/regio.com.pl\/wp-content\/uploads\/2025\/12\/image.png 1214w\" sizes=\"(max-width: 1024px) 100vw, 1024px\" \/><\/figure>\n<\/div><\/div>\n\n\n\n<div class=\"wp-block-media-text has-media-on-the-right is-stacked-on-mobile is-image-fill-element\" style=\"margin-top:var(--wp--preset--spacing--30);grid-template-columns:auto 48%\"><div class=\"wp-block-media-text__content\">\n<p class=\"has-text-align-left\" style=\"margin-top:var(--wp--preset--spacing--30);padding-top:0;font-size:14px\"><strong><strong>powierzchnia zabudowy:<\/strong> <\/strong>1555 m\u00b2<\/p>\n\n\n\n<p class=\"has-text-align-left\" style=\"margin-top:0;padding-top:0;font-size:14px\"><strong>powierzchnia terenu opracowania: <\/strong>9238 m\u00b2<\/p>\n\n\n\n<p class=\"has-text-align-left\" style=\"margin-top:0;padding-top:0;font-size:14px\"><strong>inwestor: <\/strong>Urz\u0105d Miasta J\u00f3zefowa<\/p>\n\n\n\n<p class=\"has-text-align-left\" style=\"margin-top:0;padding-top:0;font-size:14px\"><strong>zesp\u00f3\u0142 projektowy:<\/strong> Piotr Czy\u017cewski, Robert Kr\u00f3l, Julita Zembrowska, Alicja Smyk, Zofia Zwijacz<\/p>\n\n\n\n<p class=\"has-text-align-left\" style=\"margin-top:0;padding-top:0;font-size:14px\"><strong>projekt architektury krajobrazu:<\/strong> Pracownia Architektury Krajobrazu Katarzyna Kwiatkowska<\/p>\n\n\n\n<p class=\"has-text-align-left\" style=\"margin-top:0;padding-top:0;font-size:14px\"><strong>wykonawca:<\/strong> F. Bud. Wojciech Che\u0142chowski Barbara Che\u0142chowska s.c.<\/p>\n\n\n\n<p class=\"has-text-align-left\" style=\"margin-top:0;padding-top:0;font-size:14px\"><strong>konstrukcja:<\/strong> Magdalena \u017bak<\/p>\n\n\n\n<p class=\"has-text-align-left\" style=\"margin-top:0;padding-top:0;font-size:14px\"><strong>technologia kuchni:<\/strong> El\u017cbieta Skrzeszewska<\/p>\n\n\n\n<p class=\"has-text-align-left\" style=\"margin-top:0;padding-top:0;font-size:14px\"><strong>instalacje sanitarne: <\/strong>Tadeusz Figat, Pawe\u0142 Szersze\u0144ski<\/p>\n\n\n\n<p class=\"has-text-align-left\" style=\"margin-top:0;padding-top:0;font-size:14px\"><strong>instalacje elektryczne: <\/strong>Jaros\u0142aw Korczy\u0144ski, Micha\u0142 Kolasi\u0144ski<\/p>\n<\/div><figure class=\"wp-block-media-text__media\"><img decoding=\"async\" width=\"1024\" height=\"683\" src=\"http:\/\/regio.com.pl\/wp-content\/uploads\/2025\/12\/zdjecie-przedszkole-wnetrze-1024x683.png\" alt=\"\" class=\"wp-image-1600 size-full\" style=\"object-position:50% 50%\" srcset=\"https:\/\/regio.com.pl\/wp-content\/uploads\/2025\/12\/zdjecie-przedszkole-wnetrze-1024x683.png 1024w, https:\/\/regio.com.pl\/wp-content\/uploads\/2025\/12\/zdjecie-przedszkole-wnetrze-300x200.png 300w, https:\/\/regio.com.pl\/wp-content\/uploads\/2025\/12\/zdjecie-przedszkole-wnetrze-768x512.png 768w, https:\/\/regio.com.pl\/wp-content\/uploads\/2025\/12\/zdjecie-przedszkole-wnetrze-1536x1024.png 1536w, https:\/\/regio.com.pl\/wp-content\/uploads\/2025\/12\/zdjecie-przedszkole-wnetrze-2048x1365.png 2048w\" sizes=\"(max-width: 1024px) 100vw, 1024px\" \/><\/figure><\/div>\n\n\n\n<div class=\"wp-block-media-text is-stacked-on-mobile is-image-fill-element\" style=\"margin-top:var(--wp--preset--spacing--30);padding-top:0;grid-template-columns:51% auto\"><figure class=\"wp-block-media-text__media\"><img loading=\"lazy\" decoding=\"async\" width=\"1024\" height=\"795\" src=\"http:\/\/regio.com.pl\/wp-content\/uploads\/2025\/12\/przedszkole-zdjecie-z-lotu-ptaka5-1024x795.png\" alt=\"\" class=\"wp-image-1577 size-full\" style=\"object-position:72% 57%\" srcset=\"https:\/\/regio.com.pl\/wp-content\/uploads\/2025\/12\/przedszkole-zdjecie-z-lotu-ptaka5-1024x795.png 1024w, https:\/\/regio.com.pl\/wp-content\/uploads\/2025\/12\/przedszkole-zdjecie-z-lotu-ptaka5-300x233.png 300w, https:\/\/regio.com.pl\/wp-content\/uploads\/2025\/12\/przedszkole-zdjecie-z-lotu-ptaka5-768x596.png 768w, https:\/\/regio.com.pl\/wp-content\/uploads\/2025\/12\/przedszkole-zdjecie-z-lotu-ptaka5-1536x1193.png 1536w, https:\/\/regio.com.pl\/wp-content\/uploads\/2025\/12\/przedszkole-zdjecie-z-lotu-ptaka5.png 2000w\" sizes=\"(max-width: 1024px) 100vw, 1024px\" \/><\/figure><div class=\"wp-block-media-text__content\">\n<h2 class=\"wp-block-heading\" style=\"border-top-color:var(--wp--preset--color--white);border-top-width:10px;font-size:14px\"><strong>Uk\u0142ad funkcjonalny<\/strong><\/h2>\n\n\n\n<p style=\"font-size:14px\">Budynek przedszkola zaprojektowano jako obiekt parterowy, podzielony na dwie g\u0142\u00f3wne cz\u0119\u015bci u\u017cytkowe. Pierwsz\u0105 stanowi pi\u0119ciooddzia\u0142owy zesp\u00f3\u0142 edukacyjny, w kt\u00f3rym ka\u017cda sala posiada w\u0142asne zaplecze sanitarne, magazynki, bezprogowy dost\u0119p do zadaszonego tarasu oraz mo\u017cliwo\u015b\u0107 \u0142\u0105czenia przestrzeni mi\u0119dzy oddzia\u0142ami. Drug\u0105 cz\u0119\u015b\u0107 tworz\u0105 pomieszczenia wsp\u00f3lne: sala gimnastyczna\/wielofunkcyjna, sto\u0142\u00f3wka oraz kuchnia z kompletem pomieszcze\u0144 socjalnych. Nad cz\u0119\u015bci\u0105 kuchenn\u0105 przewidziano dodatkow\u0105 kondygnacj\u0119 techniczn\u0105 z dost\u0119pem zewn\u0119trzn\u0105 klatk\u0105 schodow\u0105. Obiekt jest niepodpiwniczony.<\/p>\n\n\n\n<h2 class=\"wp-block-heading\" style=\"font-size:14px\"><strong>Organizacja przestrzeni<\/strong><\/h2>\n\n\n\n<p style=\"font-size:14px\">Parterowy uk\u0142ad zapewnia bezpieczn\u0105 komunikacj\u0119 i bezpo\u015bredni kontakt u\u017cytkownik\u00f3w z otoczeniem. Wzd\u0142u\u017c osiowego korytarza rozplanowano trzy strefy:<\/p>\n\n\n\n<ul class=\"wp-block-list\">\n<li style=\"font-size:14px\"><strong>og\u00f3lnodost\u0119pn\u0105<\/strong> \u2014 z szatni\u0105, toaletami, administracj\u0105 i miejscem na w\u00f3zki w pobli\u017cu wej\u015bcia,<\/li>\n\n\n\n<li style=\"font-size:14px\"><strong>edukacyjn\u0105<\/strong> \u2014 naturalnie do\u015bwietlon\u0105, z indywidualnymi tarasami i mo\u017cliwo\u015bci\u0105 integrowania sal,<\/li>\n\n\n\n<li style=\"font-size:14px\"><strong>pomocnicz\u0105<\/strong> \u2014 od strony p\u00f3\u0142nocnej, z kuchni\u0105, pokojami dla nauczycieli i terapeut\u00f3w oraz pomieszczeniami technicznymi.<\/li>\n<\/ul>\n<\/div><\/div>\n\n\n\n<div class=\"wp-block-media-text is-stacked-on-mobile\" style=\"margin-top:var(--wp--preset--spacing--30);padding-top:0;grid-template-columns:51% auto\"><figure class=\"wp-block-media-text__media\"><img loading=\"lazy\" decoding=\"async\" width=\"1024\" height=\"819\" src=\"http:\/\/regio.com.pl\/wp-content\/uploads\/2025\/12\/IMG_0331-2-1024x819.jpg\" alt=\"\" class=\"wp-image-1878 size-full\" srcset=\"https:\/\/regio.com.pl\/wp-content\/uploads\/2025\/12\/IMG_0331-2-1024x819.jpg 1024w, https:\/\/regio.com.pl\/wp-content\/uploads\/2025\/12\/IMG_0331-2-300x240.jpg 300w, https:\/\/regio.com.pl\/wp-content\/uploads\/2025\/12\/IMG_0331-2-768x614.jpg 768w, https:\/\/regio.com.pl\/wp-content\/uploads\/2025\/12\/IMG_0331-2.jpg 1139w\" sizes=\"(max-width: 1024px) 100vw, 1024px\" \/><\/figure><div class=\"wp-block-media-text__content\">\n<h2 class=\"wp-block-heading\" style=\"font-size:14px\"><strong>Forma architektoniczna i materia\u0142y<\/strong><\/h2>\n\n\n\n<p style=\"font-size:14px\">Organiczna forma budynku z wycofanymi tarasami sprzyja do\u015bwietleniu sal oraz czytelnej orientacji w obiekcie. Dominuje drewniana elewacja z modrzewia syberyjskiego, prze\u0142amana bia\u0142\u0105 stolark\u0105 nawi\u0105zuj\u0105c\u0105 do zabudowy uzdrowiskowej. Przedszkole zwie\u0144czono prostym, pulpitowym dachem ekstensywnym, kt\u00f3ry harmonizuje z otoczeniem i ogranicza ingerencj\u0119 wizualn\u0105 w krajobraz.<\/p>\n\n\n\n<h2 class=\"wp-block-heading\" style=\"font-size:14px\"><strong>Rozwi\u0105zania techniczne i \u015brodowiskowe<\/strong><\/h2>\n\n\n\n<p style=\"font-size:14px\">Na dachu przewidziano instalacj\u0119 urz\u0105dze\u0144 wentylacyjnych oraz central wentylacyjnych obs\u0142uguj\u0105cych kuchni\u0119, sto\u0142\u00f3wk\u0119 i sal\u0119 wielofunkcyjn\u0105. Ekstensywny zielony dach pe\u0142ni funkcj\u0119 retencyjn\u0105 i izolacyjn\u0105, a przy niewielkich wymaganiach piel\u0119gnacyjnych pozwala zwi\u0119kszy\u0107 trwa\u0142o\u015b\u0107 pokrycia dachowego. Uk\u0142ad okien zorientowany g\u0142\u00f3wnie na po\u0142udnie i zach\u00f3d umo\u017cliwia wykorzystanie pasywnych zysk\u00f3w ciep\u0142a w okresie zimowym, wspieraj\u0105c energooszcz\u0119dne funkcjonowanie budynku.<\/p>\n<\/div><\/div>\n\n\n\n<div class=\"wp-block-media-text has-media-on-the-right is-stacked-on-mobile is-image-fill-element\" style=\"margin-top:var(--wp--preset--spacing--30);grid-template-columns:auto 48%\"><div class=\"wp-block-media-text__content\">\n<p style=\"font-size:14px\"><strong>Zagospodarowanie terenu<\/strong><\/p>\n\n\n\n<p style=\"font-size:14px\">Zaprojektowane elementy placu zabaw i parku tworz\u0105 harmonijny uk\u0142ad przestrzenny powi\u0105zanych ze sob\u0105 trzech stref g\u0142\u00f3wnych: strefy sensorycznej, strefy zabaw, strefy edukacyjnej.<\/p>\n\n\n\n<p style=\"font-size:14px\">Le\u015bny ogr\u00f3d zabaw podzielony zosta\u0142 na trzy strefy tematyczne: stref\u0119 tw\u00f3rcz\u0105, przeznaczon\u0105 do zabaw manualnych, nieco wi\u0119ksz\u0105 stref\u0119 przygodow\u0105, pozwalaj\u0105c\u0105 na swobodne zabawy ruchowe, kt\u00f3ra wzbogacona zosta\u0142a o drewniane konstrukcje inspirowane le\u015bnymi sza\u0142asami oraz niewielk\u0105 g\u00f3rk\u0119 i zje\u017cd\u017calni\u0119, oraz trzeci\u0105 stref\u0119 \u2013 sprawno\u015bciow\u0105, wzbogacon\u0105 o mini park linowy, drewniane konstrukcje do wspinania czy hu\u015btawk\u0119.<\/p>\n<\/div><figure class=\"wp-block-media-text__media\"><img loading=\"lazy\" decoding=\"async\" width=\"1024\" height=\"576\" src=\"http:\/\/regio.com.pl\/wp-content\/uploads\/2025\/12\/IMG_1803-1-1024x576.jpg\" alt=\"\" class=\"wp-image-1486 size-full\" style=\"object-position:50% 50%\" srcset=\"https:\/\/regio.com.pl\/wp-content\/uploads\/2025\/12\/IMG_1803-1-1024x576.jpg 1024w, https:\/\/regio.com.pl\/wp-content\/uploads\/2025\/12\/IMG_1803-1-300x169.jpg 300w, https:\/\/regio.com.pl\/wp-content\/uploads\/2025\/12\/IMG_1803-1-768x432.jpg 768w, https:\/\/regio.com.pl\/wp-content\/uploads\/2025\/12\/IMG_1803-1.jpg 1314w\" sizes=\"(max-width: 1024px) 100vw, 1024px\" \/><\/figure><\/div>\n\n\n\n<div class=\"wp-block-media-text is-stacked-on-mobile\" style=\"margin-top:var(--wp--preset--spacing--30);grid-template-columns:51% auto\"><figure class=\"wp-block-media-text__media\"><img loading=\"lazy\" decoding=\"async\" width=\"1024\" height=\"576\" src=\"http:\/\/regio.com.pl\/wp-content\/uploads\/2025\/12\/z-przygod-krasnala-1024x576.png\" alt=\"\" class=\"wp-image-1583 size-full\" srcset=\"https:\/\/regio.com.pl\/wp-content\/uploads\/2025\/12\/z-przygod-krasnala-1024x576.png 1024w, https:\/\/regio.com.pl\/wp-content\/uploads\/2025\/12\/z-przygod-krasnala-300x169.png 300w, https:\/\/regio.com.pl\/wp-content\/uploads\/2025\/12\/z-przygod-krasnala-768x432.png 768w, https:\/\/regio.com.pl\/wp-content\/uploads\/2025\/12\/z-przygod-krasnala.png 1344w\" sizes=\"(max-width: 1024px) 100vw, 1024px\" \/><\/figure><div class=\"wp-block-media-text__content\">\n<p style=\"font-size:14px\"><strong>po lewej\/powy\u017cej ilustracja z ksi\u0105\u017cki:<\/strong><\/p>\n\n\n\n<p style=\"font-size:14px\"><strong><em>Z Przyg\u00f3d krasnala Ha\u0142aba\u0142y \u2013 Jak si\u0119 krasnalek z borsukiem na spacer wybierali<\/em><\/strong><\/p>\n\n\n\n<p style=\"font-size:14px\"><strong>Antysmogowe murale \u2013 sztuka, edukacja i troska o \u015brodowisko<\/strong><\/p>\n\n\n\n<p style=\"font-size:14px\">Zrealizowane w ramach projektu murale antysmogowe \u0142\u0105cz\u0105 sztuk\u0119 z edukacj\u0105 ekologiczn\u0105, tworz\u0105c przyjazn\u0105 i inspiruj\u0105c\u0105 przestrze\u0144 dla najm\u0142odszych u\u017cytkownik\u00f3w. Kolorowe ilustracje autorstwa Zdzis\u0142awa Witwickiego, wybitnego ilustratora, kt\u00f3ry zilustrowa\u0142 wiele ksi\u0105\u017cek dla dzieci, nie tylko wzbogacaj\u0105 estetycznie otoczenie przedszkola, lecz tak\u017ce staj\u0105 si\u0119 czytelnym elementem \u015bcie\u017cki edukacyjnej po\u015bwi\u0119conej ochronie \u015brodowiska i jako\u015bci powietrza.<\/p>\n<\/div><\/div>\n\n\n\n<div class=\"wp-block-media-text has-media-on-the-right is-stacked-on-mobile\" style=\"margin-top:var(--wp--preset--spacing--30);grid-template-columns:auto 48%\"><div class=\"wp-block-media-text__content\">\n<p style=\"font-size:14px\">Murale pe\u0142ni\u0105 rol\u0119 tw\u00f3rczego domkni\u0119cia przestrzeni wok\u00f3\u0142 przedszkola, nadaj\u0105c now\u0105 jako\u015b\u0107 elewacjom budynk\u00f3w gospodarczych odwr\u00f3conych dot\u0105d \u201eplecami\u201d do ulicy Z\u0142otej Jesieni. Dzi\u0119ki zastosowaniu farb o w\u0142a\u015bciwo\u015bciach antysmogowych, projekt realnie wspiera popraw\u0119 jako\u015bci powietrza, jednocze\u015bnie zach\u0119caj\u0105c dzieci do obserwacji, rozmowy i nauki poprzez sztuk\u0119. To przyk\u0142ad interwencji, kt\u00f3ra w prosty i czytelny spos\u00f3b \u0142\u0105czy funkcj\u0119 estetyczn\u0105, spo\u0142eczn\u0105 i proekologiczn\u0105.<\/p>\n\n\n\n<p style=\"font-size:14px\"><strong>po prawej\/powy\u017cej ilustracja do czasopisma dla dzieci \u201eMi\u015b\u201d<\/strong><\/p>\n\n\n\n<p style=\"font-size:14px\"><strong><em>\u017baba i ksi\u0119\u017cyc<\/em><\/strong><\/p>\n<\/div><figure class=\"wp-block-media-text__media\"><img loading=\"lazy\" decoding=\"async\" width=\"1024\" height=\"576\" src=\"http:\/\/regio.com.pl\/wp-content\/uploads\/2025\/12\/zaba-i-ksiezyc-1-1024x576.png\" alt=\"\" class=\"wp-image-1602 size-full\" srcset=\"https:\/\/regio.com.pl\/wp-content\/uploads\/2025\/12\/zaba-i-ksiezyc-1-1024x576.png 1024w, https:\/\/regio.com.pl\/wp-content\/uploads\/2025\/12\/zaba-i-ksiezyc-1-300x169.png 300w, https:\/\/regio.com.pl\/wp-content\/uploads\/2025\/12\/zaba-i-ksiezyc-1-768x432.png 768w, https:\/\/regio.com.pl\/wp-content\/uploads\/2025\/12\/zaba-i-ksiezyc-1.png 1344w\" sizes=\"(max-width: 1024px) 100vw, 1024px\" \/><\/figure><\/div>\n\n\n\n<figure class=\"wp-block-gallery has-nested-images columns-default is-cropped wp-block-gallery-1 is-layout-flex wp-block-gallery-is-layout-flex\" style=\"margin-top:0\">\n<figure class=\"wp-block-image size-large\" style=\"margin-top:var(--wp--preset--spacing--30)\"><img loading=\"lazy\" decoding=\"async\" width=\"1024\" height=\"512\" data-id=\"598\" src=\"https:\/\/regio.com.pl\/wp-content\/uploads\/2025\/12\/slajdy-na-strone7-1024x512.png\" alt=\"\" class=\"wp-image-598\" srcset=\"https:\/\/regio.com.pl\/wp-content\/uploads\/2025\/12\/slajdy-na-strone7-1024x512.png 1024w, https:\/\/regio.com.pl\/wp-content\/uploads\/2025\/12\/slajdy-na-strone7-300x150.png 300w, https:\/\/regio.com.pl\/wp-content\/uploads\/2025\/12\/slajdy-na-strone7-768x384.png 768w, https:\/\/regio.com.pl\/wp-content\/uploads\/2025\/12\/slajdy-na-strone7-1536x768.png 1536w, https:\/\/regio.com.pl\/wp-content\/uploads\/2025\/12\/slajdy-na-strone7-2048x1024.png 2048w\" sizes=\"(max-width: 1024px) 100vw, 1024px\" \/><\/figure>\n<\/figure>\n\n\n\n<div style=\"height:50px\" aria-hidden=\"true\" class=\"wp-block-spacer\"><\/div>\n\n\n\n<p><\/p>\n","protected":false},"excerpt":{"rendered":"<p>powierzchnia zabudowy: 1555 m\u00b2 powierzchnia terenu opracowania: 9238 m\u00b2 inwestor: Urz\u0105d Miasta J\u00f3zefowa zesp\u00f3\u0142 projektowy: Piotr Czy\u017cewski, Robert Kr\u00f3l, Julita [&hellip;]<\/p>\n","protected":false},"author":1,"featured_media":0,"parent":0,"menu_order":0,"comment_status":"closed","ping_status":"closed","template":"","meta":{"_uag_custom_page_level_css":"","site-sidebar-layout":"default","site-content-layout":"","ast-site-content-layout":"normal-width-container","site-content-style":"unboxed","site-sidebar-style":"default","ast-global-header-display":"","ast-banner-title-visibility":"","ast-main-header-display":"","ast-hfb-above-header-display":"","ast-hfb-below-header-display":"","ast-hfb-mobile-header-display":"","site-post-title":"disabled","ast-breadcrumbs-content":"","ast-featured-img":"","footer-sml-layout":"","ast-disable-related-posts":"","theme-transparent-header-meta":"","adv-header-id-meta":"","stick-header-meta":"","header-above-stick-meta":"","header-main-stick-meta":"","header-below-stick-meta":"","astra-migrate-meta-layouts":"default","ast-page-background-enabled":"default","ast-page-background-meta":{"desktop":{"background-color":"var(--ast-global-color-5)","background-image":"","background-repeat":"repeat","background-position":"center center","background-size":"auto","background-attachment":"scroll","background-type":"","background-media":"","overlay-type":"","overlay-color":"","overlay-opacity":"","overlay-gradient":""},"tablet":{"background-color":"","background-image":"","background-repeat":"repeat","background-position":"center center","background-size":"auto","background-attachment":"scroll","background-type":"","background-media":"","overlay-type":"","overlay-color":"","overlay-opacity":"","overlay-gradient":""},"mobile":{"background-color":"","background-image":"","background-repeat":"repeat","background-position":"center center","background-size":"auto","background-attachment":"scroll","background-type":"","background-media":"","overlay-type":"","overlay-color":"","overlay-opacity":"","overlay-gradient":""}},"ast-content-background-meta":{"desktop":{"background-color":"var(--ast-global-color-4)","background-image":"","background-repeat":"repeat","background-position":"center center","background-size":"auto","background-attachment":"scroll","background-type":"","background-media":"","overlay-type":"","overlay-color":"","overlay-opacity":"","overlay-gradient":""},"tablet":{"background-color":"var(--ast-global-color-4)","background-image":"","background-repeat":"repeat","background-position":"center center","background-size":"auto","background-attachment":"scroll","background-type":"","background-media":"","overlay-type":"","overlay-color":"","overlay-opacity":"","overlay-gradient":""},"mobile":{"background-color":"var(--ast-global-color-4)","background-image":"","background-repeat":"repeat","background-position":"center center","background-size":"auto","background-attachment":"scroll","background-type":"","background-media":"","overlay-type":"","overlay-color":"","overlay-opacity":"","overlay-gradient":""}},"footnotes":""},"class_list":["post-609","page","type-page","status-publish","hentry"],"uagb_featured_image_src":{"full":false,"thumbnail":false,"medium":false,"medium_large":false,"large":false,"1536x1536":false,"2048x2048":false},"uagb_author_info":{"display_name":"regioadmin","author_link":"https:\/\/regio.com.pl\/?author=1"},"uagb_comment_info":0,"uagb_excerpt":"powierzchnia zabudowy: 1555 m\u00b2 powierzchnia terenu opracowania: 9238 m\u00b2 inwestor: Urz\u0105d Miasta J\u00f3zefowa zesp\u00f3\u0142 projektowy: Piotr Czy\u017cewski, Robert Kr\u00f3l, Julita [&hellip;]","_links":{"self":[{"href":"https:\/\/regio.com.pl\/index.php?rest_route=\/wp\/v2\/pages\/609","targetHints":{"allow":["GET"]}}],"collection":[{"href":"https:\/\/regio.com.pl\/index.php?rest_route=\/wp\/v2\/pages"}],"about":[{"href":"https:\/\/regio.com.pl\/index.php?rest_route=\/wp\/v2\/types\/page"}],"author":[{"embeddable":true,"href":"https:\/\/regio.com.pl\/index.php?rest_route=\/wp\/v2\/users\/1"}],"replies":[{"embeddable":true,"href":"https:\/\/regio.com.pl\/index.php?rest_route=%2Fwp%2Fv2%2Fcomments&post=609"}],"version-history":[{"count":123,"href":"https:\/\/regio.com.pl\/index.php?rest_route=\/wp\/v2\/pages\/609\/revisions"}],"predecessor-version":[{"id":1885,"href":"https:\/\/regio.com.pl\/index.php?rest_route=\/wp\/v2\/pages\/609\/revisions\/1885"}],"wp:attachment":[{"href":"https:\/\/regio.com.pl\/index.php?rest_route=%2Fwp%2Fv2%2Fmedia&parent=609"}],"curies":[{"name":"wp","href":"https:\/\/api.w.org\/{rel}","templated":true}]}}